ded by y?
5
Suppose 0 = 334*k - 335*k + 184. What is the remainder when k is divided by 64?
56
Suppose 3*l = 20 - 5. Calculate the remainder when 5 is divided by l.
0
What is the remainder when (-4910)/(-10) + 4 + -11 is divided by 122?
118
Let a = -3 + -4. Let t(d) = -d**3 - 6*d**2 + 5*d + 2. Let u = -2 - -48. Calculate the remainder when u is divided by t(a).
14
Suppose 7*q + 59 - 178 = 0. Let p(c) = -c**3 - 2*c**2 + 9*c + 48. What is the remainder when p(-3) is divided by q?
13
Suppose 5*f = 30 + 105. Let k = 7 - 3. Let l(j) = 20*j. What is the remainder when l(k) is divided by f?
26
Let a be (-3)/((-18)/(-15) - 1). What is the remainder when 18 is divided by (a/10)/(-1 - 7/(-10))?
3
Let f = 26 - 19. Let c(t) = 30 - f*t - 21 - 18. Calculate the remainder when c(-4) is divided by 5.
4
Suppose -31 = 4*d - 15. Let q(x) = -x**3 - 2*x**2 + 3. What is the remainder when (-2)/d - 45/(-2) is divided by q(-3)?
11
Calculate the remainder when 482 is divided by (-3652)/(-830) + 6/10.
2
Suppose -3*s = 4*f - 72, -3*s + 7*s + 5*f - 95 = 0. Calculate the remainder when 94 is divided by s.
14
Suppose 0 = n - 2*t - 576, 2*n - 3*t = 598 + 558. What is the remainder when n is divided by 15?
14
Let d = -283 + 195. Let i = 139 + d. Let w = 5 + 21. What is the remainder when i is divided by w?
25
Suppose 1 = -4*j + 125. Suppose 28 = o + 4*v, o - j = -o - 3*v. What is the remainder when ((-36)/(-3))/(6/o) is divided by 5?
1
What is the remainder when ((-94)/188)/((-2)/648) is divided by 41?
39
Let a(u) = -u + 33. Suppose -2*w + 40 = -2*i, -i + 60 = -4*i - 3*w. Let l = i - -50. What is the remainder when l is divided by a(17)?
14
Suppose 2*v + 5 - 7 = 0. Suppose u - 8 = v. Let r(b) = 7*b + 3. What is the remainder when r(u) is divided by 17?
15
What is the remainder when 95 is divided by ((-12)/5)/((35/7)/(-50))?
23
Suppose 3*t + 39*t = 2058. Calculate the remainder when t is divided by 45.
4
Suppose 23*t + 971 - 2535 = 0. What is the remainder when t is divided by 6?
2
Let o(z) = -z**3 + 8*z**2 - 5*z - 7. Let m(k) = -7*k - 1. Let i be m(-1). What is the remainder when o(i) is divided by 19?
16
Suppose 3*q = 2*q. Suppose f - 5*d - 103 = -q*f, -2*d = 4*f - 478. Let r(s) = -s**2 + 39*s + 202. What is the remainder when f is divided by r(43)?
28
What is the remainder when 139 is divided by 277/8 + (-522)/(-1392)?
34
What is the remainder when 183 is divided by 11/1*(4 + 0)?
7
Let l = -47 + 64. What is the remainder when (-157)/(-5) - 18/45 is divided by l?
14
Let f be ((-2)/3)/(11/(-363)). Suppose y = 4, -29 - 271 = -4*t - 4*y. Suppose -5*z - 5 = 0, t = 5*h + z + f. What is the remainder when h is divided by 7?
3
Suppose -4*k - 107 = -3*m, -2*m + 2*k = 5*k - 60. Let x = m - 22. Let t = -16 - -46. Calculate the remainder when t is divided by x.
8
Let q(v) = v**2 - 27*v - 119. What is the remainder when q(32) is divided by 3?
2
Let w = 15 - 32. Let t = 140 - 84. Let n = t - w. Calculate the remainder when n is divided by 19.
16
Suppose -2*j + 23 = -1. Let v(x) = -x**2 - 17*x - 15. What is the remainder when v(-12) is divided by j?
9
Suppose -24 = -7*n + 4*n + 5*i, 2*i - 32 = -4*n. Suppose -n*o = -14*o + 114. Calculate the remainder when 50 is divided by o.
12
Let m = -206 + 481. Calculate the remainder when m is divided by 46.
45
Let x = -577 - -598. What is the remainder when 270 is divided by x?
18
Let v = 65 - 62. Suppose k = -k - 2*j + 22, 0 = -v*k + j + 29. Calculate the remainder when 28 is divided by k.
8
Let n(f) = -2*f - f**3 - 3 + 6*f**2 - 2*f + 0*f. Suppose -16*p + 20*p = 4*y + 36, 4*p = y + 24. What is the remainder when 2 is divided by n(p)?
0
Suppose 15*v + 120 = 18*v. Let l = v - 26. Calculate the remainder when l is divided by 8.
6
Let o = -106 - -178. Suppose 0*v - o = -v. Suppose 3*r = 5*a - v, 0*a + 32 = a - 5*r. Calculate the remainder when 47 is divided by a.
11
Suppose 2*m - 650 = -3*g, 326 = m + g - 0*g. Calculate the remainder when m is divided by 33.
31
Let n(k) = 2*k**2 + 8*k - 5. What is the remainder when n(3) is divided by 19?
18
Suppose -6 + 10 = z. Let q = -26 - -51. What is the remainder when q is divided by z?
1
What is the remainder when 35 is divided by 0 - (-29 - (-7 + 6))?
7
Let k = -699 - -747. Suppose -n + 2*n - 10 = 0. What is the remainder when k is divided by n?
8
Let x be (-12)/(-9)*-14*-3. Let s be (0 + -1)/(2/6). What is the remainder when 35 is divided by (-2)/3 - x/s?
17
Suppose 3*b - 7 = 2. Suppose 8*d = 3*d + 5*n + 190, -b*n = -4*d + 154. Calculate the remainder when d is divided by (18 - (4 + -2)) + -2.
12
Suppose -13*z - p + 85 = -10*z, -2*z - 2*p = -54. Calculate the remainder when 1185 is divided by z.
25
Suppose 43*j - 22700 - 13592 = 0. What is the remainder when j is divided by 47?
45
Let w = 728 - 655. Calculate the remainder when w is divided by 41.
32
Let m(x) = x**2 - 12. Let h = 27 + -26. Suppose 3*l = 2*z - h, 0*l - 21 = -3*z - 2*l. Calculate the remainder when m(z) is divided by 4.
1
Suppose -a - a + 3 = -z, -3*a + 4*z - 8 = 0. What is the remainder when 123 is divided by (-2)/(3 - a) - (-29 + -1)?
27
Let l(n) = 3*n**3 + 4*n**2 - 9*n + 10. What is the remainder when l(4) is divided by 26?
22
Let g = -51 - -119. Suppose -4 = 4*i + 3*l, i + 4*l = 3*l. Calculate the remainder when g is divided by i/20 + (-232)/(-10).
22
Let o = -6 - 0. Let r(q) be the first derivative of -q**3/3 - 7*q**2 + 2*q + 19. What is the remainder when r(o) is divided by 17?
16
Let s be 155/3 + 2/(-3). Let a(k) = k**3 + 28*k**2 - 65*k - 73. Let z be a(-30). Let q = z - s. What is the remainder when q is divided by 14?
12
Suppose 2214 = 4*r - 2*p - 0*p, 25 = 5*p. Calculate the remainder when r is divided by 18.
16
Calculate the remainder when 22/(2 - (-81)/(-45)) is divided by 64.
46
Let t(r) = -r**3 - 23*r**2 - 5*r - 23. Calculate the remainder when 286 is divided by t(-23).
10
Suppose -60*s - 540 = -65*s. Let v = 178 - s. Suppose -2*q + 32 = 3*p - 1, -2*p = 10. What is the remainder when v is divided by q?
22
Let r(x) = 18*x - 83. What is the remainder when 48 is divided by r(6)?
23
Let f(z) be the second derivative of 4*z**3/3 - 18*z**2 + z + 37. Suppose -u = -5*u + 64. Calculate the remainder when f(u) is divided by 31.
30
Suppose 0 = -27*f + 8*f + 1425. Calculate the remainder when f is divided by 26.
23
Suppose 28*w = 33*w - 365. What is the remainder when (8/14)/(6/(-21)) + w is divided by 20?
11
Let k = 51 - 39. Calculate the remainder when 38 is divided by k.
2
Let y(r) = r**3 - 10*r**2 - 3*r + 6. What is the remainder when y(12) is divided by 76?
30
Let d(y) = 3*y**2 - 4*y - 4. Calculate the remainder when 80 is divided by d(4).
24
Let b(v) = v**2 + 31*v + 51. Let p be b(-30). Suppose -p + 96 = 5*y. What is the remainder when 2/6 + 122/3 is divided by y?
11
Let u = 273 + -94. Calculate the remainder when u is divided by 62.
55
Let o(r) = -r**3 - 5*r**2 + 3*r - 7. Let j be o(-6). Suppose 2 = 13*a - j*a. Calculate the remainder when 2 is divided by a.
0
Suppose -3*u - 90*g + 92*g + 740 = 0, 2*u - 490 = -2*g. Calculate the remainder when u is divided by 62.
60
Suppose 5*u - 120 - 40 = 0. What is the remainder when (-1)/(-1)*3 + (49 - -42) is divided by u?
30
Suppose 0 = -p - 29 + 122. Calculate the remainder when p is divided by 32.
29
What is the remainder when 42 is divided by (9 - 87/2)*4/(-6)?
19
Let x = -33 - -37. Suppose -94 = -x*c + 130. Calculate the remainder when c is divided by 15.
11
Suppose -52*x + 40*x = -240. Calculate the remainder when 37 is divided by x.
17
Suppose -62*w = 45*w - 37022. What is the remainder when w is divided by 58?
56
Suppose 174 = 12*j - 78. Suppose u - 260 = -f, -f + 541 = 2*u - 6*f. Suppose u = 3*x + 20. Calculate the remainder when x is divided by j.
18
Let x = -563 + 619. Calculate the remainder when x is divided by 30.
26
Let r = -883 - -335. Let z be r/(-14) + 8/(-56). Suppose z = q + 5*w, -3*q - 88 = 3*w - 265. Calculate the remainder when q is divided by 13.
12
Suppose 0 = v + 6*v + 7. Let p = v + 4. Calculate the remainder when 33/6 + (-5)/(-10) is divided by p.
0
Let h(f) = 12*f - 10. Let m be h(-8). What is the remainder when 37 is divided by (2 - m/6) + (-1)/(-3)?
17
Let w = -33 - -46. What is the remainder when w is divided by (-27)/(-6)*(-120)/(-270)?
1
Let k be 1*(-3 - -3)*-